{"id":31,"date":"2016-10-27T10:14:25","date_gmt":"2016-10-27T10:14:25","guid":{"rendered":"http:\/\/www.puertolumbreras.es\/carnetjoven\/?page_id=31"},"modified":"2016-11-08T12:21:01","modified_gmt":"2016-11-08T12:21:01","slug":"que-es-el-carnet-joven","status":"publish","type":"page","link":"https:\/\/www.puertolumbreras.es\/carnetjoven\/informacion\/que-es-el-carnet-joven\/","title":{"rendered":"\u00bfQu\u00e9 es el carnet joven?"},"content":{"rendered":"<p><img decoding=\"async\" loading=\"lazy\" class=\"size-full wp-image-63 alignright\" src=\"http:\/\/www.puertolumbreras.es\/carnetjoven\/wp-content\/uploads\/2016\/10\/quees.png\" alt=\"quees\" width=\"250\" height=\"150\" srcset=\"https:\/\/www.puertolumbreras.es\/carnetjoven\/wp-content\/uploads\/2016\/10\/quees.png 250w, https:\/\/www.puertolumbreras.es\/carnetjoven\/wp-content\/uploads\/2016\/10\/quees-100x60.png 100w, https:\/\/www.puertolumbreras.es\/carnetjoven\/wp-content\/uploads\/2016\/10\/quees-150x90.png 150w, https:\/\/www.puertolumbreras.es\/carnetjoven\/wp-content\/uploads\/2016\/10\/quees-200x120.png 200w\" sizes=\"(max-width: 250px) 100vw, 250px\" \/><\/p>\n<p>El carn\u00e9 joven es una tarjeta para j\u00f3venes de Puerto Lumbreras con la que podr\u00e1s beneficiarte de los mejores descuentos en los establecimientos del municipio adem\u00e1s de aprovechar descuentos en instalaciones del Ayuntamiento.<\/p>\n<p>&nbsp;<\/p>\n","protected":false},"excerpt":{"rendered":"<p>El carn\u00e9 joven es una tarjeta para j\u00f3venes de Puerto Lumbreras con la que podr\u00e1s beneficiarte de los mejores descuentos en los establecimientos del municipio adem\u00e1s de aprovechar descuentos en instalaciones del Ayuntamiento. &nbsp;<\/p>\n","protected":false},"author":1,"featured_media":0,"parent":29,"menu_order":0,"comment_status":"closed","ping_status":"closed","template":"landing-page.php","meta":[],"_links":{"self":[{"href":"https:\/\/www.puertolumbreras.es\/carnetjoven\/wp-json\/wp\/v2\/pages\/31"}],"collection":[{"href":"https:\/\/www.puertolumbreras.es\/carnetjoven\/wp-json\/wp\/v2\/pages"}],"about":[{"href":"https:\/\/www.puertolumbreras.es\/carnetjoven\/wp-json\/wp\/v2\/types\/page"}],"author":[{"embeddable":true,"href":"https:\/\/www.puertolumbreras.es\/carnetjoven\/wp-json\/wp\/v2\/users\/1"}],"replies":[{"embeddable":true,"href":"https:\/\/www.puertolumbreras.es\/carnetjoven\/wp-json\/wp\/v2\/comments?post=31"}],"version-history":[{"count":5,"href":"https:\/\/www.puertolumbreras.es\/carnetjoven\/wp-json\/wp\/v2\/pages\/31\/revisions"}],"predecessor-version":[{"id":88,"href":"https:\/\/www.puertolumbreras.es\/carnetjoven\/wp-json\/wp\/v2\/pages\/31\/revisions\/88"}],"up":[{"embeddable":true,"href":"https:\/\/www.puertolumbreras.es\/carnetjoven\/wp-json\/wp\/v2\/pages\/29"}],"wp:attachment":[{"href":"https:\/\/www.puertolumbreras.es\/carnetjoven\/wp-json\/wp\/v2\/media?parent=31"}],"curies":[{"name":"wp","href":"https:\/\/api.w.org\/{rel}","templated":true}]}}