{"id":747,"date":"2017-06-06T07:48:43","date_gmt":"2017-06-06T07:48:43","guid":{"rendered":"http:\/\/www.puertolumbreras.es\/ayuntamiento\/?page_id=747"},"modified":"2022-03-18T11:06:35","modified_gmt":"2022-03-18T11:06:35","slug":"cabezo-de-la-jara","status":"publish","type":"page","link":"https:\/\/www.puertolumbreras.es\/ayuntamiento\/cabezo-de-la-jara\/","title":{"rendered":"Cabezo de la Jara"},"content":{"rendered":"<figure id=\"attachment_749\" aria-describedby=\"caption-attachment-749\" style=\"width: 300px\" class=\"wp-caption alignright\"><img loading=\"lazy\" decoding=\"async\" class=\"size-medium wp-image-749\" src=\"http:\/\/www.puertolumbreras.es\/ayuntamiento\/wp-content\/uploads\/2017\/06\/cabezodelajara1-300x201.jpg\" alt=\"Carrasca en Cabezo de la Jara\" width=\"300\" height=\"201\" \/><figcaption id=\"caption-attachment-749\" class=\"wp-caption-text\">Carrasca en Cabezo de la Jara<\/figcaption><\/figure>\n<p>Cabezo de la Jara es el monte m\u00e1s elevado del t\u00e9rmino municipal de Puerto Lumbreras (Regi\u00f3n de Murcia), con una altura de 1247 m.s.n.m. En este punto coinciden los t\u00e9rminos municipales de Puerto Lumbreras (Murcia), V\u00e9lez Rubio y Hu\u00e9rcal-Overa (Almer\u00eda, Andaluc\u00eda), a los que pertenece el Cabezo, adem\u00e1s de su cuadrante nororiental que corresponde al t\u00e9rmino de Lorca.<\/p>\n<p>Es un casquete calc\u00e1reo sobre rocas pizarrosas (esquistos) que est\u00e1 contemplado como Lugar de Importancia Comunitaria (L.I.C) a propuesta de la Comunidad Aut\u00f3noma de la Regi\u00f3n de Murcia junto al marco territorial de la rambla de Nogalte, con una extensi\u00f3n de protecci\u00f3n ambiental de 1325,69 hect\u00e1reas.<\/p>\n<h3>Naturaleza<\/h3>\n<p>Su altitud y situaci\u00f3n lo convierten en un islote de humedad y vegetaci\u00f3n dentro del predominio sub\u00e1rido en la semi\u00e1rida frontera murciano-almeriense.<\/p>\n<p>Forma parte de la Red Natura 2000, una red ecol\u00f3gica europea de \u00e1reas de conservaci\u00f3n de la biodiversidad y que protege los h\u00e1bitats m\u00e1s valiosos y amenazados de Europa, entre los cuales destaca los carrascales de Quercus rotundifolia sobre suelos metam\u00f3rficos, las formaciones de enebros, de baladre y taray.<\/p>\n<h3>Flora<\/h3>\n<p>No existen grandes formaciones boscosas en el entorno, pero a\u00fan hoy quedan algunas zonas en las que se puede intuir la diversidad y riqueza que debi\u00f3 tener en sus or\u00edgenes. A este respecto, en \u00e9poca isl\u00e1mica este monte era conocido como Yabal al-Jasab, el Monte de la Madera, denominaci\u00f3n que probablemente alude el uso que tuvo esta zona en \u00e9poca andalusi.<\/p>\n<p>Entre estas formaciones sobresale las formaciones de carrascales y maquia arbolada, sobre todo en su vertiente septentrional donde abundan las carrascas de porte achaparrado. Tambi\u00e9n existen algunos grupos de encinas, pino pi\u00f1onero y pino carrasco, y ejemplares aislados de chopo y cipr\u00e9s.<\/p>\n<p>En la base del relieve, donde los valores pluviom\u00e9tricos son escasos (menos de 200 mm), abundan los espartizales, casi como \u00fanica formaci\u00f3n vegetal. Esto es consecuencia del tradicional aprovechamiento econ\u00f3mico del esparto que explica en parte la escasez de otras plantas a favor del esparto. En cotas superiores del cabezo se registran otras especies como el espliego, tomillo, romero, lentisco, albaida y jara.<\/p>\n<p>En los m\u00e1rgenes y cauces de las numerosas ramblas del entorno (C\u00e1rdena, Talanc\u00f3n o Vilerda) se conservan bosques en galer\u00eda formados por tarajes, baladre, carrizo o ca\u00f1a, adem\u00e1s de algunos ejemplares de sauco o de rosal silvestre.<\/p>\n<p>Finalmente, en algunas zonas de la vertiente inferior del cabezo, as\u00ed como en sus alrededores, se cultivan almendros y olivos.<\/p>\n<h3>Fauna<\/h3>\n<p>Entre las especies de fauna del Cabezo de la Jara destaca la tortuga mora (Testudo graeca), el b\u00faho real (Bubo bubo), o la carraca (coracias garrulus). La tortuga cuenta con tres reservas protegidas, creadas mediante la firma de convenios de la Fundaci\u00f3n Global Nature con los propietarios, que implica a estos en la conservaci\u00f3n y gesti\u00f3n del territorio y de sus recursos biol\u00f3gicos: el cortijo de los Nopales, Las Cerezuelas y Los Papelones.<\/p>\n<p>M\u00e1s escasas son las \u00e1guilas perdiceras, los jilgueros (carduelis carduelis), verdecillo (Serinus serinus) o el verder\u00f3n (carduelis chloris). En las ramblas se puede observar p\u00e1jaros mosquiteros, culebras de escalera o ara\u00f1a lobo.<\/p>\n<h3>Albergue juvenil y Centro de Interpretaci\u00f3n de la Naturaleza<\/h3>\n<figure id=\"attachment_737\" aria-describedby=\"caption-attachment-737\" style=\"width: 300px\" class=\"wp-caption alignright\"><img loading=\"lazy\" decoding=\"async\" class=\"size-medium wp-image-737\" src=\"http:\/\/www.puertolumbreras.es\/ayuntamiento\/wp-content\/uploads\/2017\/06\/centrointerpretacion1-300x201.jpg\" alt=\"Albergue Juvenil Cabezo de la Jara\" width=\"300\" height=\"201\" \/><figcaption id=\"caption-attachment-737\" class=\"wp-caption-text\">Albergue Juvenil Cabezo de la Jara<\/figcaption><\/figure>\n<p>El albergue cuenta con capacidad para m\u00e1s de 80 personas, con comedor, sala de audiovisuales y amplias terrazas exteriores. En su interior se puede visitar el Centro de Interpretaci\u00f3n de la Naturaleza, punto de partida para varios itinerarios rurales y tem\u00e1ticos que recorren el Cabezo de la Jara. Aqu\u00ed se ofrece informaci\u00f3n relativa al patrimonio natural de este importante paraje y sobre la historia y tradiciones de Puerto Lumbreras. Organiza adem\u00e1s talleres y actividades al aire libre para escolares y familias.<\/p>\n<h3>Senderos Tem\u00e1ticos<\/h3>\n<p>El Centro de Interpretaci\u00f3n de la Naturaleza es el punto de partida de tres senderos tem\u00e1ticos o interpretativos:<\/p>\n<p>Sendero bot\u00e1nico y de aprovechamiento del agua. Tiene una longitud total de 1800 m. Comienza en el Centro de Interpretaci\u00f3n y finaliza en la subida del Observatorio Astron\u00f3mico. En el recorrido se pueden contemplar las especies de mayor inter\u00e9s bot\u00e1nico de la zona, debidamente se\u00f1alizadas, junto a los diferentes sistemas de aprovechamiento de agua que han sido rehabilitados y que se sit\u00faan a mitad del recorrido.<br \/>\nSendero astron\u00f3mico, de 1500 m de longitud. Se inicia en el Centro de Interpretaci\u00f3n y finaliza en el Observatorio. Cuenta con dos relojes solares, uno lunar y dos maquetas del sistema solar a escala.<\/p>\n<h3>Sima<\/h3>\n<p>En el Cabezo de la Jara se sit\u00faan numerosas simas, cavidad abierta al exterior mediante un pozo o conducto vertical originado por un proceso erosivo k\u00e1rstico en la roca calc\u00e1rea. Entre ellas destaca la de La Tinaja y la del Escipi\u00f3n, que toma su nombre de la leyenda que sit\u00faa en esta cavidad el lugar en el que Cneo Cornelio Escipi\u00f3n fue enterrado.<\/p>\n","protected":false},"excerpt":{"rendered":"<p>Cabezo de la Jara es el monte m\u00e1s elevado del t\u00e9rmino municipal de Puerto Lumbreras (Regi\u00f3n de Murcia), con una altura de 1247 m.s.n.m. En este punto coinciden los t\u00e9rminos municipales de Puerto Lumbreras (Murcia), V\u00e9lez Rubio y Hu\u00e9rcal-Overa (Almer\u00eda, Andaluc\u00eda), a los que pertenece el Cabezo, adem\u00e1s de su cuadrante nororiental que corresponde al [&hellip;]<\/p>\n","protected":false},"author":1,"featured_media":0,"parent":0,"menu_order":0,"comment_status":"closed","ping_status":"closed","template":"","meta":{"footnotes":""},"class_list":["post-747","page","type-page","status-publish","hentry"],"_links":{"self":[{"href":"https:\/\/www.puertolumbreras.es\/ayuntamiento\/wp-json\/wp\/v2\/pages\/747","targetHints":{"allow":["GET"]}}],"collection":[{"href":"https:\/\/www.puertolumbreras.es\/ayuntamiento\/wp-json\/wp\/v2\/pages"}],"about":[{"href":"https:\/\/www.puertolumbreras.es\/ayuntamiento\/wp-json\/wp\/v2\/types\/page"}],"author":[{"embeddable":true,"href":"https:\/\/www.puertolumbreras.es\/ayuntamiento\/wp-json\/wp\/v2\/users\/1"}],"replies":[{"embeddable":true,"href":"https:\/\/www.puertolumbreras.es\/ayuntamiento\/wp-json\/wp\/v2\/comments?post=747"}],"version-history":[{"count":1,"href":"https:\/\/www.puertolumbreras.es\/ayuntamiento\/wp-json\/wp\/v2\/pages\/747\/revisions"}],"predecessor-version":[{"id":26770,"href":"https:\/\/www.puertolumbreras.es\/ayuntamiento\/wp-json\/wp\/v2\/pages\/747\/revisions\/26770"}],"wp:attachment":[{"href":"https:\/\/www.puertolumbreras.es\/ayuntamiento\/wp-json\/wp\/v2\/media?parent=747"}],"curies":[{"name":"wp","href":"https:\/\/api.w.org\/{rel}","templated":true}]}}

<figure id="attachment_749" aria-describedby="caption-attachment-749" style="width: 300px" class="wp-caption alignright"><img loading="lazy" decoding="async" class="size-medium wp-image-749" src="http://www.puertolumbreras.es/ayuntamiento/wp-content/uploads/2017/06/cabezodelajara1-300x201.jpg" alt="Carrasca en Cabezo de la Jara" width="300" height="201" /><figcaption id="caption-attachment-749" class="wp-caption-text">Carrasca en Cabezo de la Jara</figcaption></figure>
<p>Cabezo de la Jara es el monte más elevado del término municipal de Puerto Lumbreras (Región de Murcia), con una altura de 1247 m.s.n.m. En este punto coinciden los términos municipales de Puerto Lumbreras (Murcia), Vélez Rubio y Huércal-Overa (Almería, Andalucía), a los que pertenece el Cabezo, además de su cuadrante nororiental que corresponde al término de Lorca.</p>
<p>Es un casquete calcáreo sobre rocas pizarrosas (esquistos) que está contemplado como Lugar de Importancia Comunitaria (L.I.C) a propuesta de la Comunidad Autónoma de la Región de Murcia junto al marco territorial de la rambla de Nogalte, con una extensión de protección ambiental de 1325,69 hectáreas.</p>
<h3>Naturaleza</h3>
<p>Su altitud y situación lo convierten en un islote de humedad y vegetación dentro del predominio subárido en la semiárida frontera murciano-almeriense.</p>
<p>Forma parte de la Red Natura 2000, una red ecológica europea de áreas de conservación de la biodiversidad y que protege los hábitats más valiosos y amenazados de Europa, entre los cuales destaca los carrascales de Quercus rotundifolia sobre suelos metamórficos, las formaciones de enebros, de baladre y taray.</p>
<h3>Flora</h3>
<p>No existen grandes formaciones boscosas en el entorno, pero aún hoy quedan algunas zonas en las que se puede intuir la diversidad y riqueza que debió tener en sus orígenes. A este respecto, en época islámica este monte era conocido como Yabal al-Jasab, el Monte de la Madera, denominación que probablemente alude el uso que tuvo esta zona en época andalusi.</p>
<p>Entre estas formaciones sobresale las formaciones de carrascales y maquia arbolada, sobre todo en su vertiente septentrional donde abundan las carrascas de porte achaparrado. También existen algunos grupos de encinas, pino piñonero y pino carrasco, y ejemplares aislados de chopo y ciprés.</p>
<p>En la base del relieve, donde los valores pluviométricos son escasos (menos de 200 mm), abundan los espartizales, casi como única formación vegetal. Esto es consecuencia del tradicional aprovechamiento económico del esparto que explica en parte la escasez de otras plantas a favor del esparto. En cotas superiores del cabezo se registran otras especies como el espliego, tomillo, romero, lentisco, albaida y jara.</p>
<p>En los márgenes y cauces de las numerosas ramblas del entorno (Cárdena, Talancón o Vilerda) se conservan bosques en galería formados por tarajes, baladre, carrizo o caña, además de algunos ejemplares de sauco o de rosal silvestre.</p>
<p>Finalmente, en algunas zonas de la vertiente inferior del cabezo, así como en sus alrededores, se cultivan almendros y olivos.</p>
<h3>Fauna</h3>
<p>Entre las especies de fauna del Cabezo de la Jara destaca la tortuga mora (Testudo graeca), el búho real (Bubo bubo), o la carraca (coracias garrulus). La tortuga cuenta con tres reservas protegidas, creadas mediante la firma de convenios de la Fundación Global Nature con los propietarios, que implica a estos en la conservación y gestión del territorio y de sus recursos biológicos: el cortijo de los Nopales, Las Cerezuelas y Los Papelones.</p>
<p>Más escasas son las águilas perdiceras, los jilgueros (carduelis carduelis), verdecillo (Serinus serinus) o el verderón (carduelis chloris). En las ramblas se puede observar pájaros mosquiteros, culebras de escalera o araña lobo.</p>
<h3>Albergue juvenil y Centro de Interpretación de la Naturaleza</h3>
<figure id="attachment_737" aria-describedby="caption-attachment-737" style="width: 300px" class="wp-caption alignright"><img loading="lazy" decoding="async" class="size-medium wp-image-737" src="http://www.puertolumbreras.es/ayuntamiento/wp-content/uploads/2017/06/centrointerpretacion1-300x201.jpg" alt="Albergue Juvenil Cabezo de la Jara" width="300" height="201" /><figcaption id="caption-attachment-737" class="wp-caption-text">Albergue Juvenil Cabezo de la Jara</figcaption></figure>
<p>El albergue cuenta con capacidad para más de 80 personas, con comedor, sala de audiovisuales y amplias terrazas exteriores. En su interior se puede visitar el Centro de Interpretación de la Naturaleza, punto de partida para varios itinerarios rurales y temáticos que recorren el Cabezo de la Jara. Aquí se ofrece información relativa al patrimonio natural de este importante paraje y sobre la historia y tradiciones de Puerto Lumbreras. Organiza además talleres y actividades al aire libre para escolares y familias.</p>
<h3>Senderos Temáticos</h3>
<p>El Centro de Interpretación de la Naturaleza es el punto de partida de tres senderos temáticos o interpretativos:</p>
<p>Sendero botánico y de aprovechamiento del agua. Tiene una longitud total de 1800 m. Comienza en el Centro de Interpretación y finaliza en la subida del Observatorio Astronómico. En el recorrido se pueden contemplar las especies de mayor interés botánico de la zona, debidamente señalizadas, junto a los diferentes sistemas de aprovechamiento de agua que han sido rehabilitados y que se sitúan a mitad del recorrido.<br />
Sendero astronómico, de 1500 m de longitud. Se inicia en el Centro de Interpretación y finaliza en el Observatorio. Cuenta con dos relojes solares, uno lunar y dos maquetas del sistema solar a escala.</p>
<h3>Sima</h3>
<p>En el Cabezo de la Jara se sitúan numerosas simas, cavidad abierta al exterior mediante un pozo o conducto vertical originado por un proceso erosivo kárstico en la roca calcárea. Entre ellas destaca la de La Tinaja y la del Escipión, que toma su nombre de la leyenda que sitúa en esta cavidad el lugar en el que Cneo Cornelio Escipión fue enterrado.</p>

<p>Cabezo de la Jara es el monte más elevado del término municipal de Puerto Lumbreras (Región de Murcia), con una altura de 1247 m.s.n.m. En este punto coinciden los términos municipales de Puerto Lumbreras (Murcia), Vélez Rubio y Huércal-Overa (Almería, Andalucía), a los que pertenece el Cabezo, además de su cuadrante nororiental que corresponde al [&hellip;]</p>
