{"id":742,"date":"2017-06-06T07:43:31","date_gmt":"2017-06-06T07:43:31","guid":{"rendered":"http:\/\/www.puertolumbreras.es\/ayuntamiento\/?page_id=742"},"modified":"2017-06-06T07:43:31","modified_gmt":"2017-06-06T07:43:31","slug":"observatorio-astronomico","status":"publish","type":"page","link":"https:\/\/www.puertolumbreras.es\/ayuntamiento\/observatorio-astronomico\/","title":{"rendered":"Observatorio Astron\u00f3mico"},"content":{"rendered":"<figure id=\"attachment_743\" aria-describedby=\"caption-attachment-743\" style=\"width: 260px\" class=\"wp-caption alignright\"><img loading=\"lazy\" decoding=\"async\" class=\"wp-image-743\" src=\"http:\/\/www.puertolumbreras.es\/ayuntamiento\/wp-content\/uploads\/2017\/06\/observatorio-1-300x225.jpg\" alt=\"Observatorio Astron\u00f3mico Cabezo de la Jara\" width=\"260\" height=\"195\" \/><figcaption id=\"caption-attachment-743\" class=\"wp-caption-text\">Observatorio Astron\u00f3mico<\/figcaption><\/figure>\n<p>El Observatorio Astron\u00f3mico de Cabezo de la Jara se localiza a 7 km de Puerto Lumbreras (Regi\u00f3n de Murcia), en el paraje de Cabezo de la Jara junto al Albergue Juvenil y el Centro de Interpretaci\u00f3n de la Naturaleza.<\/p>\n<p>Se sit\u00faa en un entorno natural emblem\u00e1tico, en la cumbre del cabezo de mayor altura de los que rodean el albergue (800 msnm), sin interferencias para la contemplaci\u00f3n y disfrute del cielo nocturno. Ofrece un entorno adecuado, tanto para los profesionales como para todos aquellos interesados en la astronom\u00eda, promoviendo y difundiendo el inter\u00e9s por esta ciencia.<\/p>\n<h3><\/h3>\n<h3><\/h3>\n<h3>Instalaciones y Equipamiento<\/h3>\n<p>&nbsp;<\/p>\n<figure id=\"attachment_744\" aria-describedby=\"caption-attachment-744\" style=\"width: 248px\" class=\"wp-caption alignright\"><img loading=\"lazy\" decoding=\"async\" class=\"wp-image-744\" src=\"http:\/\/www.puertolumbreras.es\/ayuntamiento\/wp-content\/uploads\/2017\/06\/observatorio3-300x225.jpg\" alt=\"Telescopio Observatorio\" width=\"248\" height=\"186\" \/><figcaption id=\"caption-attachment-744\" class=\"wp-caption-text\">Telescopio Observatorio<\/figcaption><\/figure>\n<p>El edificio, inaugurado en el a\u00f1o 2001, tiene una superficie superior a los 80 m2. Cuenta con una sala de observaci\u00f3n con c\u00fapula desde la que se realiza la observaci\u00f3n individual mediante telescopio reflector LX 200 12 de MEADE; un aula de Astronom\u00eda con c\u00e1maras CCD para fotograf\u00eda y v\u00eddeo as\u00ed como control por ordenador; y una sala de espera, donde visitantes pueden recibir a trav\u00e9s de una pantalla de televisi\u00f3n la imagen directa del telescopio, lo que permite la observaci\u00f3n colectiva y por parte de visitantes de movilidad reducida.<\/p>\n<h3>Visitas<\/h3>\n<p>Las visitas al Observatorio Astron\u00f3mico est\u00e1n guiadas por miembros de la Agrupaci\u00f3n Astron\u00f3mica de la Regi\u00f3n de Murcia. Incluye una charla de introducci\u00f3n sobre aspectos b\u00e1sicos y fundamentos de la astronom\u00eda, una observaci\u00f3n del cielo a simple vista y de los objetos celestes m\u00e1s importantes a trav\u00e9s de telescopio y otros instrumentos disponibles en el Observatorio.<\/p>\n<h3>Sendero Astron\u00f3mico<\/h3>\n<figure id=\"attachment_745\" aria-describedby=\"caption-attachment-745\" style=\"width: 300px\" class=\"wp-caption alignright\"><img loading=\"lazy\" decoding=\"async\" class=\"wp-image-745 size-medium\" src=\"http:\/\/www.puertolumbreras.es\/ayuntamiento\/wp-content\/uploads\/2017\/06\/observatorio2-300x201.jpg\" alt=\"Sendero Astron\u00f3mico\" width=\"300\" height=\"201\" \/><figcaption id=\"caption-attachment-745\" class=\"wp-caption-text\">Sendero Astron\u00f3mico<\/figcaption><\/figure>\n<p>En el entorno del observatorio existe un sendero ecotur\u00edstico en el que a lo largo de un recorrido de casi 1500 m de longitud ofrece a los visitantes la posibilidad de visitar un sistema solar representado a escala. El sendero comienza en la subida al observatorio, siendo el punto de partida el Sol. La ruta incorpora adem\u00e1s dos relojes solares y uno lunar. A trav\u00e9s de se\u00f1al\u00e9tica y tres miradores conforma una ruta id\u00f3nea para la observaci\u00f3n y para conocer las magnitudes astron\u00f3micas, los espacios y los tiempos.<\/p>\n","protected":false},"excerpt":{"rendered":"<p>El Observatorio Astron\u00f3mico de Cabezo de la Jara se localiza a 7 km de Puerto Lumbreras (Regi\u00f3n de Murcia), en el paraje de Cabezo de la Jara junto al Albergue Juvenil y el Centro de Interpretaci\u00f3n de la Naturaleza. Se sit\u00faa en un entorno natural emblem\u00e1tico, en la cumbre del cabezo de mayor altura de [&hellip;]<\/p>\n","protected":false},"author":1,"featured_media":0,"parent":0,"menu_order":0,"comment_status":"closed","ping_status":"closed","template":"","meta":{"footnotes":""},"class_list":["post-742","page","type-page","status-publish","hentry"],"_links":{"self":[{"href":"https:\/\/www.puertolumbreras.es\/ayuntamiento\/wp-json\/wp\/v2\/pages\/742","targetHints":{"allow":["GET"]}}],"collection":[{"href":"https:\/\/www.puertolumbreras.es\/ayuntamiento\/wp-json\/wp\/v2\/pages"}],"about":[{"href":"https:\/\/www.puertolumbreras.es\/ayuntamiento\/wp-json\/wp\/v2\/types\/page"}],"author":[{"embeddable":true,"href":"https:\/\/www.puertolumbreras.es\/ayuntamiento\/wp-json\/wp\/v2\/users\/1"}],"replies":[{"embeddable":true,"href":"https:\/\/www.puertolumbreras.es\/ayuntamiento\/wp-json\/wp\/v2\/comments?post=742"}],"version-history":[{"count":0,"href":"https:\/\/www.puertolumbreras.es\/ayuntamiento\/wp-json\/wp\/v2\/pages\/742\/revisions"}],"wp:attachment":[{"href":"https:\/\/www.puertolumbreras.es\/ayuntamiento\/wp-json\/wp\/v2\/media?parent=742"}],"curies":[{"name":"wp","href":"https:\/\/api.w.org\/{rel}","templated":true}]}}