{"id":36690,"date":"2025-12-18T09:17:57","date_gmt":"2025-12-18T09:17:57","guid":{"rendered":"https:\/\/www.puertolumbreras.es\/ayuntamiento\/?page_id=36690"},"modified":"2025-12-18T09:31:50","modified_gmt":"2025-12-18T09:31:50","slug":"concierto-de-navidad-2025-banda-municipal-de-musica","status":"publish","type":"page","link":"https:\/\/www.puertolumbreras.es\/ayuntamiento\/concierto-de-navidad-2025-banda-municipal-de-musica\/","title":{"rendered":"Concierto de Navidad 2025 Banda Municipal de M\u00fasica"},"content":{"rendered":"<p>[vc_row][vc_column][vc_video link=\u00bbhttps:\/\/www.youtube.com\/live\/TLXwwQHvQy8?si=o7zeSYkom8-2GEgK\u00bb align=\u00bbcenter\u00bb][vc_column_text]\r\n<!-- \/wp:post-content -->\r\n\r\n<!-- wp:paragraph \/-->\r\n\r\n<!-- wp:heading {\"level\":3} -->\r\n<h3 class=\"wp-block-heading\"><strong>CONCIERTO DE NAVIDAD<\/strong><\/h3>\r\n<!-- \/wp:heading -->\r\n<p><!-- wp:paragraph --><strong>BANDA MUNICIPAL DE M\u00daSICA<\/strong><\/p>\r\n<!-- \/wp:paragraph -->\r\n<p><!-- wp:paragraph --><strong>Fecha:<\/strong> S\u00e1bado, d\u00eda 20 de Diciembre de 2025 <strong>Hora:<\/strong> 12:00 <strong>Lugar:<\/strong> Centro Cultural<\/p>\r\n<!-- \/wp:paragraph -->\r\n\r\n<!-- wp:separator --><hr class=\"wp-block-separator has-alpha-channel-opacity\" \/><!-- \/wp:separator -->\r\n\r\n<!-- wp:heading {\"level\":3} -->\r\n<h3 class=\"wp-block-heading\"><strong>PROGRAMA<\/strong><\/h3>\r\n<!-- \/wp:heading -->\r\n\r\n<!-- wp:list -->\r\n<ul class=\"wp-block-list\">\r\n<li style=\"list-style-type: none;\">\r\n<ul class=\"wp-block-list\"><!-- wp:list-item -->\r\n<li><strong>Especial Navidad<\/strong> (Popurr\u00ed de villancicos) \u2014 <em>An\u00f3nimo<\/em><\/li>\r\n<!-- \/wp:list-item -->\r\n\r\n<!-- wp:list-item -->\r\n<li><strong>A Medieval Suite<\/strong> \u2014 <em>Andr\u00e9 Waignein<\/em><!-- wp:list --><br \/>\r\n<ul class=\"wp-block-list\">\r\n<li style=\"list-style-type: none;\">\r\n<ul class=\"wp-block-list\"><!-- wp:list-item -->\r\n<li>Parade of the Knights<\/li>\r\n<!-- \/wp:list-item -->\r\n\r\n<!-- wp:list-item -->\r\n<li>Air of the Maidens<\/li>\r\n<!-- \/wp:list-item -->\r\n\r\n<!-- wp:list-item -->\r\n<li>Dance of the Peasants<\/li>\r\n<\/ul>\r\n<\/li>\r\n<\/ul>\r\n<p><!-- \/wp:list-item --><\/p>\r\n<p><!-- \/wp:list --><\/p>\r\n<\/li>\r\n<!-- \/wp:list-item -->\r\n\r\n<!-- wp:list-item -->\r\n<li><strong>L\u2019 Arl\u00e9sienne<\/strong> (Segunda Suite) \u2014 <em>Tranc. R. A. De Santiago<\/em><!-- wp:list --><br \/>\r\n<ul class=\"wp-block-list\">\r\n<li style=\"list-style-type: none;\">\r\n<ul class=\"wp-block-list\"><!-- wp:list-item -->\r\n<li>Minuetto<\/li>\r\n<!-- \/wp:list-item -->\r\n\r\n<!-- wp:list-item -->\r\n<li><em>Flauta Solista: Evelina Guill\u00e9n P\u00e9rez<\/em><\/li>\r\n<!-- \/wp:list-item -->\r\n\r\n<!-- wp:list-item -->\r\n<li>Farandola<\/li>\r\n<\/ul>\r\n<\/li>\r\n<\/ul>\r\n<p><!-- \/wp:list-item --><\/p>\r\n<p><!-- \/wp:list --><\/p>\r\n<\/li>\r\n<!-- \/wp:list-item -->\r\n\r\n<!-- wp:list-item -->\r\n<li><strong>Baghira<\/strong> (Sonatina para Saxof\u00f3n Alto y Banda) \u2014 <em>Ferrer Ferran<\/em><!-- wp:list --><br \/>\r\n<ul class=\"wp-block-list\">\r\n<li style=\"list-style-type: none;\">\r\n<ul class=\"wp-block-list\"><!-- wp:list-item -->\r\n<li><em>Saxof\u00f3n Solista: Noa Romero Ruiz<\/em><\/li>\r\n<\/ul>\r\n<\/li>\r\n<\/ul>\r\n<p><!-- \/wp:list-item --><\/p>\r\n<p><!-- \/wp:list --><\/p>\r\n<\/li>\r\n<!-- \/wp:list-item -->\r\n\r\n<!-- wp:list-item -->\r\n<li><strong>Do, Re, Mi<\/strong> (Tema de la Pel\u00edcula \u00abSonrisas y L\u00e1grimas\u00bb) \u2014 <em>Arr. Gin\u00e9s Ram\u00edrez<\/em><\/li>\r\n<!-- \/wp:list-item -->\r\n\r\n<!-- wp:list-item -->\r\n<li><strong>Pero mira como beben<\/strong> (Villancico Popular Extreme\u00f1o) \u2014 <em>Arr. Navarro Mollor<\/em><\/li>\r\n<!-- \/wp:list-item -->\r\n\r\n<!-- wp:list-item -->\r\n<li><strong>\u00a1Ay! del Chiquirrit\u00edn<\/strong> (Villancico Popular Andaluz) \u2014 <em>Arr. Navarro Mollor<\/em><\/li>\r\n<!-- \/wp:list-item -->\r\n\r\n<!-- wp:list-item -->\r\n<li><strong>Ande, Ande, Ande, La Marimorena<\/strong> (Villancico Popular) \u2014 <em>Arr. Navarro Mollor<\/em><\/li>\r\n<!-- \/wp:list-item -->\r\n\r\n<!-- wp:list-item -->\r\n<li><strong>Las Barbas de San Jos\u00e9<\/strong> (Villancico Popular Castellano) \u2014 <em>Arr. Navarro Mollor<\/em><\/li>\r\n<!-- \/wp:list-item -->\r\n\r\n<!-- wp:list-item -->\r\n<li><strong>Rin, Rin<\/strong> \u2014 <em>Arr. Gin\u00e9s Ram\u00edrez<\/em><\/li>\r\n<\/ul>\r\n<\/li>\r\n<\/ul>\r\n<p><!-- \/wp:list-item --><\/p>\r\n<!-- \/wp:list -->\r\n\r\n<!-- wp:separator --><hr class=\"wp-block-separator has-alpha-channel-opacity\" \/><!-- \/wp:separator -->\r\n<p><!-- wp:paragraph --><strong>Director:<\/strong> Juan Agust\u00edn Casas Bover<\/p>\r\n<p><!-- \/wp:paragraph -->[\/vc_column_text][\/vc_column][\/vc_row][vc_row][vc_column][\/vc_column][\/vc_row][vc_row][vc_column][\/vc_column][\/vc_row]","protected":false},"excerpt":{"rendered":"<p>[vc_row][vc_column][vc_video link=\u00bbhttps:\/\/www.youtube.com\/live\/TLXwwQHvQy8?si=o7zeSYkom8-2GEgK\u00bb align=\u00bbcenter\u00bb][vc_column_text] CONCIERTO DE NAVIDAD BANDA MUNICIPAL DE M\u00daSICA Fecha: S\u00e1bado, d\u00eda 20 de Diciembre de 2025 Hora: 12:00 Lugar: Centro Cultural PROGRAMA Especial Navidad (Popurr\u00ed de villancicos) \u2014 An\u00f3nimo A Medieval Suite \u2014 Andr\u00e9 Waignein Parade of the Knights Air of the Maidens Dance of the Peasants L\u2019 Arl\u00e9sienne (Segunda Suite) \u2014 Tranc. [&hellip;]<\/p>\n","protected":false},"author":1,"featured_media":0,"parent":0,"menu_order":0,"comment_status":"closed","ping_status":"closed","template":"","meta":{"footnotes":""},"class_list":["post-36690","page","type-page","status-publish","hentry"],"_links":{"self":[{"href":"https:\/\/www.puertolumbreras.es\/ayuntamiento\/wp-json\/wp\/v2\/pages\/36690","targetHints":{"allow":["GET"]}}],"collection":[{"href":"https:\/\/www.puertolumbreras.es\/ayuntamiento\/wp-json\/wp\/v2\/pages"}],"about":[{"href":"https:\/\/www.puertolumbreras.es\/ayuntamiento\/wp-json\/wp\/v2\/types\/page"}],"author":[{"embeddable":true,"href":"https:\/\/www.puertolumbreras.es\/ayuntamiento\/wp-json\/wp\/v2\/users\/1"}],"replies":[{"embeddable":true,"href":"https:\/\/www.puertolumbreras.es\/ayuntamiento\/wp-json\/wp\/v2\/comments?post=36690"}],"version-history":[{"count":8,"href":"https:\/\/www.puertolumbreras.es\/ayuntamiento\/wp-json\/wp\/v2\/pages\/36690\/revisions"}],"predecessor-version":[{"id":36702,"href":"https:\/\/www.puertolumbreras.es\/ayuntamiento\/wp-json\/wp\/v2\/pages\/36690\/revisions\/36702"}],"wp:attachment":[{"href":"https:\/\/www.puertolumbreras.es\/ayuntamiento\/wp-json\/wp\/v2\/media?parent=36690"}],"curies":[{"name":"wp","href":"https:\/\/api.w.org\/{rel}","templated":true}]}}