{"id":311,"date":"2017-06-01T11:31:46","date_gmt":"2017-06-01T11:31:46","guid":{"rendered":"http:\/\/www.puertolumbreras.es\/ayuntamiento\/?page_id=311"},"modified":"2025-11-06T09:09:43","modified_gmt":"2025-11-06T09:09:43","slug":"ordenanzas-anteriores","status":"publish","type":"page","link":"https:\/\/www.puertolumbreras.es\/ayuntamiento\/ordenanzas-anteriores\/","title":{"rendered":"Ordenanzas Anteriores"},"content":{"rendered":"\n<p>En esta p\u00e1gina pueden consultarse determinadas ordenanzas municipales antiguas. Las nuevas ordenanzas se pueden consultar en el portal de transparencia a trav\u00e9s del enlace <a href=\"https:\/\/www.puertolumbreras.es\/ayuntamiento\/ordenanzas-municipales\/\">https:\/\/www.puertolumbreras.es\/ayuntamiento\/ordenanzas-municipales\/<\/a><\/p>\n\n\n\n<p><\/p>\n\n\n<p>Ordenanza Municipal de Limpieza<br \/>Viaria y Gesti\u00f3n de Residuos Municipales<\/p>\n<div style=\"margin: 10px; margin-left: 30px;\">\n<ul>\n<li><a class=\"lista\" href=\"http:\/\/www.puertolumbreras.es\/ayuntamiento\/wp-content\/uploads\/2017\/06\/12311-2013.pdf\">Publicaci\u00f3n Borm.<\/a><\/li>\n<\/ul>\n<\/div>\n<p>Ordenanza Ocupaci\u00f3n Terrazas<\/p>\n<div style=\"margin: 10px; margin-left: 30px;\">\n<ul>\n<li><a class=\"lista\" href=\"http:\/\/www.puertolumbreras.es\/ayuntamiento\/wp-content\/uploads\/2017\/06\/Ordenanza ocupacion Terrazas.pdf\">Publicaci\u00f3n Borm.<\/a><\/li>\n<\/ul>\n<\/div>\n<p>Ordenanza Municipal Seguridad Ciudadana 2012<\/p>\n<div style=\"margin: 10px; margin-left: 30px;\">\n<ul>\n<li><a class=\"lista\" href=\"http:\/\/www.puertolumbreras.es\/ayuntamiento\/wp-content\/uploads\/2017\/06\/ordenanza seguridad ciudadana 2012.pdf\">Publicaci\u00f3n Borm.<\/a><\/li>\n<\/ul>\n<\/div>\n<p>Ordenanza Municipal reguladora de la protecci\u00f3n de animales de compa\u00f1\u00eda<\/p>\n<div style=\"margin: 10px; margin-left: 30px;\">\n<ul>\n<li><a class=\"lista\" href=\"http:\/\/www.puertolumbreras.es\/ayuntamiento\/wp-content\/uploads\/2017\/06\/8664-2003.pdf\">Aprobaci\u00f3n provisional Borm 29\/4\/2003<\/a><\/li>\n<\/ul>\n<\/div>\n<p>Ordenanza Municipal reguladora de la limieza y vallado de solares<\/p>\n<div style=\"margin: 10px; margin-left: 30px;\">\n<ul>\n<li><a class=\"lista\" href=\"http:\/\/www.puertolumbreras.es\/ayuntamiento\/wp-content\/uploads\/2017\/06\/16175-2004.pdf\">Aprobaci\u00f3n definitiva Borm 28\/12\/2004<\/a><\/li>\n<\/ul>\n<\/div>\n<p>Ordenanza Municipal reguladora de la venta, dispensaci\u00f3n y suministro de bebidas alcoholicas, as\u00ed como su consumo en espacios y v\u00edas p\u00fablicas<\/p>\n<div style=\"margin: 10px; margin-left: 30px;\">\n<ul>\n<li><a class=\"lista\" href=\"http:\/\/www.puertolumbreras.es\/ayuntamiento\/wp-content\/uploads\/2017\/06\/2973-2008.pdf\">Aprobaci\u00f3n definitiva Borm 17\/03\/2008<\/a><\/li>\n<\/ul>\n<\/div>\n<p>Ordenanza Municipal reguladora de concesi\u00f3n de subvenciones a instituciones y asociaciones sin \u00e1nimo de lucro.<\/p>\n<div style=\"margin: 10px; margin-left: 30px;\">\n<ul>\n<li><a class=\"lista\" href=\"http:\/\/www.puertolumbreras.es\/ayuntamiento\/wp-content\/uploads\/2017\/06\/10070-2004.pdf\">Ordenanza Borm 28\/07\/2004<\/a><\/li>\n<\/ul>\n<\/div>\n<p>Reglamento del Servicio Municipal de abastecimiento de agua y saneamiento de agua potable.<\/p>\n<div style=\"margin: 10px; margin-left: 30px;\">\n<ul>\n<li><a class=\"lista\" href=\"http:\/\/www.puertolumbreras.es\/ayuntamiento\/wp-content\/uploads\/2017\/06\/5877-1995.pdf.pdf\">Reglamento Borm 24\/04\/1995<\/a><\/li>\n<\/ul>\n<\/div>\n<p>Ordenanza Municipal reguladora de la protecci\u00f3n de la contaminaci\u00f3n lum\u00ednica<\/p>\n<div style=\"margin: 10px; margin-left: 30px;\">\n<ul>\n<li><a class=\"lista\" href=\"http:\/\/www.puertolumbreras.es\/ayuntamiento\/wp-content\/uploads\/2017\/06\/14340-2009.pdf\">Ordenanza Borm 24\/09\/2009<\/a><\/li>\n<\/ul>\n<\/div>\n<p>Reglamento de R\u00e9gimen Interior del Centro de Estancias Diurnas<\/p>\n<div style=\"margin: 10px; margin-left: 30px;\">\n<ul>\n<li><a class=\"lista\" href=\"http:\/\/www.puertolumbreras.es\/ayuntamiento\/wp-content\/uploads\/2017\/06\/7009-2010.pdf\">Reglamento Borm 22\/04\/2010<\/a><\/li>\n<\/ul>\n<\/div>\n<p>Reglamento del Servicio Municipal de Pr\u00e9stamo de Bicicletas de Puerto Lumbreras.<\/p>\n<div style=\"margin: 10px; margin-left: 30px;\">\n<ul>\n<li><a class=\"lista\" href=\"http:\/\/www.puertolumbreras.es\/ayuntamiento\/wp-content\/uploads\/2017\/06\/15167-2010.pdf\">Aprobaci\u00f3n definitiva Borm 7\/9\/2010<\/a><\/li>\n<\/ul>\n<\/div>\n<p>Estatutos del Defensor del Ciudadano de Puerto Lumbreras.<\/p>\n<div style=\"margin: 10px; margin-left: 30px;\">\n<ul>\n<li><a class=\"lista\" href=\"http:\/\/www.puertolumbreras.es\/ayuntamiento\/wp-content\/uploads\/2017\/06\/10261-2011.pdf\">Aprobaci\u00f3n definitiva Borm 25\/6\/2011<\/a><\/li>\n<\/ul>\n<\/div>\n<p>Ordenanza reguladora de la Protecci\u00f3n de la Seguridad Ciudadana del Ayuntamiento de Puerto Lumbreras.<\/p>\n<div style=\"margin: 10px; margin-left: 30px;\">\n<ul>\n<li><a class=\"lista\" href=\"http:\/\/www.puertolumbreras.es\/ayuntamiento\/wp-content\/uploads\/2017\/06\/1929-2010.pdf\">Aprobaci\u00f3n definitiva Borm 6\/2\/2010<\/a><\/li>\n<\/ul>\n<\/div>\n<p>Estatutos del Consejo Sectorial de Seguridad Ciudadana del Ayuntamiento de Puerto Lumbreras.<\/p>\n<div style=\"margin: 10px; margin-left: 30px;\">\n<ul>\n<li><a class=\"lista\" href=\"http:\/\/www.puertolumbreras.es\/ayuntamiento\/wp-content\/uploads\/2017\/06\/3800-2012.pdf\">Aprobaci\u00f3n definitiva Borm 6\/3\/2012<\/a><\/li>\n<\/ul>\n<\/div>\n<p>Reglamento de Funcionamiento del Registro Municipal de Asociaciones y Entidades Ciudadanas del Ayuntamiento de Puerto Lumbreras (RMAEC).<\/p>\n<div style=\"margin: 10px; margin-left: 30px;\">\n<ul>\n<li><a class=\"lista\" href=\"http:\/\/www.puertolumbreras.es\/ayuntamiento\/wp-content\/uploads\/2017\/06\/3801-2012.pdf\">Aprobaci\u00f3n definitiva Borm 6\/3\/2012<\/a><\/li>\n<\/ul>\n<\/div>\n<p>Reglamento de R\u00e9gimen Interno del Centro de D\u00eda para Personas con Discapacidad Intelectual de Puerto Lumbreras.<\/p>\n<div style=\"margin: 10px; margin-left: 30px;\">\n<ul>\n<li><a class=\"lista\" href=\"http:\/\/www.puertolumbreras.es\/ayuntamiento\/wp-content\/uploads\/2017\/06\/6799-2012.pdf\">Aprobaci\u00f3n definitiva Borm 2\/5\/2012<\/a><\/li>\n<\/ul>\n<\/div>\n<p>Ordenanza municipal sobre simplificaci\u00f3n de tr\u00e1mites administrativos para implantaci\u00f3n de actividades exentas de calificaci\u00f3n ambiental y de normalizaci\u00f3n de procedimientos en relaci\u00f3n con actividades mercantiles e industriales en el t\u00e9rmino municipal de Puerto Lumbreras.<\/p>\n<div style=\"margin: 10px; margin-left: 30px;\">\n<ul>\n<li><a class=\"lista\" href=\"http:\/\/www.puertolumbreras.es\/ayuntamiento\/wp-content\/uploads\/2017\/06\/6914-2012.pdf\">Aprobaci\u00f3n definitiva Borm 4\/5\/2012<\/a><\/li>\n<li><a class=\"lista\" href=\"http:\/\/www.puertolumbreras.es\/ayuntamiento\/wp-content\/uploads\/2017\/06\/actividades exentas anexos correcci\u00f3n.pdf\">Correcci\u00f3n anuncio Borm 27\/6\/2012<\/a><\/li>\n<\/ul>\n<\/div>\n<p>Ordenanza reguladora de la concesi\u00f3n de la tarjeta de estacionamiento para personas con discapacidad.<\/p>\n<div style=\"margin: 10px; margin-left: 30px;\">\n<ul>\n<li><a class=\"lista\" href=\"http:\/\/www.puertolumbreras.es\/ayuntamiento\/wp-content\/uploads\/2017\/06\/2977-2008.pdf\">Aprobaci\u00f3n definitiva Borm 17\/03\/2008<\/a><\/li>\n<\/ul>\n<\/div>\n<p>Ordenanzas Fiscales<\/p>\n<div style=\"margin: 10px; margin-left: 30px;\">\n<ul>\n<li><a class=\"lista\" href=\"http:\/\/www.puertolumbreras.es\/ayuntamiento\/wp-content\/uploads\/2017\/06\/2675-2012.pdf\">Aprobaci\u00f3n provisional de la modificaci\u00f3n de Ordenanzas Fiscales.<\/a><\/li>\n<li><a class=\"lista\" href=\"http:\/\/www.puertolumbreras.es\/ayuntamiento\/wp-content\/uploads\/2017\/06\/2678-2012.pdf\">Aprobaci\u00f3n definitiva de la ordenanza fiscal reguladora de la tasa por la actividad administrativa de otorgamiento de licencias urban\u00edsticas para la realizaci\u00f3n de construcciones, instalaciones y obras 2012.<\/a><\/li>\n<\/ul>\n<\/div>","protected":false},"excerpt":{"rendered":"<p>En esta p\u00e1gina pueden consultarse determinadas ordenanzas municipales antiguas. Las nuevas ordenanzas se pueden consultar en el portal de transparencia a trav\u00e9s del enlace https:\/\/www.puertolumbreras.es\/ayuntamiento\/ordenanzas-municipales\/ Ordenanza Municipal de LimpiezaViaria y Gesti\u00f3n de Residuos Municipales Publicaci\u00f3n Borm. Ordenanza Ocupaci\u00f3n Terrazas Publicaci\u00f3n Borm. Ordenanza Municipal Seguridad Ciudadana 2012 Publicaci\u00f3n Borm. Ordenanza Municipal reguladora de la protecci\u00f3n de [&hellip;]<\/p>\n","protected":false},"author":1,"featured_media":0,"parent":0,"menu_order":0,"comment_status":"closed","ping_status":"closed","template":"","meta":{"footnotes":""},"class_list":["post-311","page","type-page","status-publish","hentry"],"_links":{"self":[{"href":"https:\/\/www.puertolumbreras.es\/ayuntamiento\/wp-json\/wp\/v2\/pages\/311","targetHints":{"allow":["GET"]}}],"collection":[{"href":"https:\/\/www.puertolumbreras.es\/ayuntamiento\/wp-json\/wp\/v2\/pages"}],"about":[{"href":"https:\/\/www.puertolumbreras.es\/ayuntamiento\/wp-json\/wp\/v2\/types\/page"}],"author":[{"embeddable":true,"href":"https:\/\/www.puertolumbreras.es\/ayuntamiento\/wp-json\/wp\/v2\/users\/1"}],"replies":[{"embeddable":true,"href":"https:\/\/www.puertolumbreras.es\/ayuntamiento\/wp-json\/wp\/v2\/comments?post=311"}],"version-history":[{"count":3,"href":"https:\/\/www.puertolumbreras.es\/ayuntamiento\/wp-json\/wp\/v2\/pages\/311\/revisions"}],"predecessor-version":[{"id":36390,"href":"https:\/\/www.puertolumbreras.es\/ayuntamiento\/wp-json\/wp\/v2\/pages\/311\/revisions\/36390"}],"wp:attachment":[{"href":"https:\/\/www.puertolumbreras.es\/ayuntamiento\/wp-json\/wp\/v2\/media?parent=311"}],"curies":[{"name":"wp","href":"https:\/\/api.w.org\/{rel}","templated":true}]}}