{"id":30113,"date":"2023-06-13T08:07:09","date_gmt":"2023-06-13T08:07:09","guid":{"rendered":"https:\/\/www.puertolumbreras.es\/ayuntamiento\/?page_id=30113"},"modified":"2024-03-14T08:05:32","modified_gmt":"2024-03-14T08:05:32","slug":"promocion-de-la-igualdad-de-oportunidades","status":"publish","type":"page","link":"https:\/\/www.puertolumbreras.es\/ayuntamiento\/promocion-de-la-igualdad-de-oportunidades\/","title":{"rendered":"Promoci\u00f3n de la igualdad de oportunidades"},"content":{"rendered":"\n<ul class=\"wp-block-list\">\n<li><a href=\"https:\/\/www.puertolumbreras.es\/ayuntamiento\/wp-content\/uploads\/2023\/06\/I-PLAN-MUNICIPAL-DE-IGUALDAD-DE-OPORTUNIDADES-Puerto-Lumbreras.pdf\">Plan de igualdad<\/a><\/li>\n\n\n\n<li>Campa\u00f1as de prevenci\u00f3n y sensibilizaci\u00f3n en igualdad\n<ul class=\"wp-block-list\">\n<li><a href=\"https:\/\/www.puertolumbreras.es\/ayuntamiento\/wp-content\/uploads\/2023\/06\/25N-2022.pdf\">D\u00eda internacional contra la violencia hacia las mujeres<\/a><\/li>\n\n\n\n<li><a href=\"https:\/\/www.puertolumbreras.es\/ayuntamiento\/wp-content\/uploads\/2024\/03\/8M_2024.pdf.pdf\">D\u00eda internacional de la mujer<\/a><\/li>\n<\/ul>\n<\/li>\n\n\n\n<li>Consejo sectorial de igualdad<\/li>\n\n\n\n<li><a href=\"https:\/\/www.puertolumbreras.es\/ayuntamiento\/2022\/02\/25\/la-biblioteca-municipal-de-puerto-lumbreras-incorpora-a-su-catalogo-libros-de-tematica-sobre-igualdad-y-diversidad\/\">Rinc\u00f3n violeta de lectura en la red de bibliotecas de Puerto Lumbreras<\/a><\/li>\n<\/ul>\n","protected":false},"excerpt":{"rendered":"Plan de igualdad Campa\u00f1as de prevenci\u00f3n y sensibilizaci\u00f3n en igualdad D\u00eda internacional contra la violencia hacia las mujeres D\u00eda internacional de la mujer Consejo sectorial de igualdad Rinc\u00f3n violeta de lectura en la red de bibliotecas de Puerto Lumbreras","protected":false},"author":1,"featured_media":0,"parent":0,"menu_order":0,"comment_status":"closed","ping_status":"closed","template":"","meta":{"footnotes":""},"class_list":["post-30113","page","type-page","status-publish","hentry"],"_links":{"self":[{"href":"https:\/\/www.puertolumbreras.es\/ayuntamiento\/wp-json\/wp\/v2\/pages\/30113","targetHints":{"allow":["GET"]}}],"collection":[{"href":"https:\/\/www.puertolumbreras.es\/ayuntamiento\/wp-json\/wp\/v2\/pages"}],"about":[{"href":"https:\/\/www.puertolumbreras.es\/ayuntamiento\/wp-json\/wp\/v2\/types\/page"}],"author":[{"embeddable":true,"href":"https:\/\/www.puertolumbreras.es\/ayuntamiento\/wp-json\/wp\/v2\/users\/1"}],"replies":[{"embeddable":true,"href":"https:\/\/www.puertolumbreras.es\/ayuntamiento\/wp-json\/wp\/v2\/comments?post=30113"}],"version-history":[{"count":8,"href":"https:\/\/www.puertolumbreras.es\/ayuntamiento\/wp-json\/wp\/v2\/pages\/30113\/revisions"}],"predecessor-version":[{"id":32289,"href":"https:\/\/www.puertolumbreras.es\/ayuntamiento\/wp-json\/wp\/v2\/pages\/30113\/revisions\/32289"}],"wp:attachment":[{"href":"https:\/\/www.puertolumbreras.es\/ayuntamiento\/wp-json\/wp\/v2\/media?parent=30113"}],"curies":[{"name":"wp","href":"https:\/\/api.w.org\/{rel}","templated":true}]}}